{"id":643,"date":"2015-07-01T01:47:30","date_gmt":"2015-07-01T01:47:30","guid":{"rendered":"https:\/\/avadawebsites.wpengine.com\/architecture\/?page_id=643"},"modified":"2024-03-17T01:35:30","modified_gmt":"2024-03-17T01:35:30","slug":"engineering","status":"publish","type":"page","link":"https:\/\/douyapi.com\/index.php\/engineering\/","title":{"rendered":"Engineering"},"content":{"rendered":"<p><div class=\"fusion-bg-parallax\" data-bg-align=\"left bottom\" data-direction=\"up\" data-mute=\"false\" data-opacity=\"100\" data-velocity=\"-0.3\" data-mobile-enabled=\"false\" data-break_parents=\"0\" data-bg-image=\"https:\/\/douyapi.com\/wp-content\/uploads\/2015\/02\/home-section4.jpg\" data-bg-repeat=\"false\" ><\/div><div class=\"fusion-fullwidth fullwidth-box fusion-builder-row-1 fusion-flex-container fusion-parallax-up nonhundred-percent-fullwidth non-hundred-percent-height-scrolling lazyload\" style=\"--awb-background-position:left bottom;--awb-border-sizes-top:0px;--awb-border-sizes-bottom:0px;--awb-border-sizes-left:0px;--awb-border-sizes-right:0px;--awb-border-radius-top-left:0px;--awb-border-radius-top-right:0px;--awb-border-radius-bottom-right:0px;--awb-border-radius-bottom-left:0px;--awb-padding-top:130px;--awb-padding-bottom:120px;--awb-background-size:cover;--awb-flex-wrap:wrap;\" data-bg=\"https:\/\/douyapi.com\/wp-content\/uploads\/2015\/02\/home-section4.jpg\" ><div class=\"fusion-builder-row fusion-row fusion-flex-align-items-flex-start fusion-flex-content-wrap\" style=\"max-width:1216.8px;margin-left: calc(-4% \/ 2 );margin-right: calc(-4% \/ 2 );\"><div class=\"fusion-layout-column fusion_builder_column fusion-builder-column-0 fusion_builder_column_1_2 1_2 fusion-flex-column\" style=\"--awb-bg-size:cover;--awb-width-large:50%;--awb-margin-top-large:0px;--awb-spacing-right-large:3.84%;--awb-margin-bottom-large:20px;--awb-spacing-left-large:3.84%;--awb-width-medium:100%;--awb-spacing-right-medium:1.92%;--awb-spacing-left-medium:1.92%;--awb-width-small:100%;--awb-spacing-right-small:1.92%;--awb-spacing-left-small:1.92%;\"><div class=\"fusion-column-wrapper fusion-flex-justify-content-flex-start fusion-content-layout-column\"><div class=\"fusion-title title fusion-title-1 fusion-sep-none fusion-title-text fusion-title-size-two\" style=\"--awb-text-color:var(--awb-color1);--awb-margin-top-small:0px;--awb-margin-right-small:0px;--awb-margin-bottom-small:20px;--awb-margin-left-small:0px;\"><h2 class=\"fusion-title-heading title-heading-left fusion-responsive-typography-calculated\" style=\"margin:0;text-transform:capitalize;--fontSize:48;line-height:var(--awb-typography1-line-height);\">MOB\u0130LYA \u0130\u015eLER\u0130<\/h2><\/div><div class=\"fusion-text fusion-text-1\" style=\"--awb-text-color:var(--awb-color1);\"><p>End\u00fcstriyel fabrika ve ticari alanlar, i\u015fletmelerin \u00fcretkenliklerini art\u0131rmalar\u0131 i\u00e7in stratejik bir \u00f6neme sahiptir. Bu alanlarda kullan\u0131lan mobilya ve ekipmanlar, i\u015f ak\u0131\u015f\u0131n\u0131 optimize etmek, \u00e7al\u0131\u015fanlar\u0131n konforunu sa\u011flamak ve i\u015f s\u00fcre\u00e7lerini verimli hale getirmek i\u00e7in kritik bir rol oynar. \u0130\u015fte bu noktada, end\u00fcstriyel mobilya \u00e7\u00f6z\u00fcmleri devreye girer.<\/p>\n<\/div><div class=\"fusion-separator fusion-full-width-sep\" style=\"align-self: center;margin-left: auto;margin-right: auto;margin-top:20px;width:100%;\"><\/div><div ><a class=\"fusion-button button-flat button-xlarge button-default fusion-button-default button-1 fusion-button-default-span fusion-button-default-type\" target=\"_self\" href=\"https:\/\/douyapi.com\/index.php\/contact\/\"><span class=\"fusion-button-text awb-button__text awb-button__text--default\">B\u0130LG\u0130 \u0130\u00c7\u0130N ARAYINIZ.<\/span><\/a><\/div><\/div><\/div><\/div><\/div><div class=\"fusion-fullwidth fullwidth-box fusion-builder-row-2 fusion-flex-container nonhundred-percent-fullwidth non-hundred-percent-height-scrolling\" style=\"--awb-background-position:left top;--awb-border-sizes-top:0px;--awb-border-sizes-bottom:0px;--awb-border-sizes-left:0px;--awb-border-sizes-right:0px;--awb-border-radius-top-left:0px;--awb-border-radius-top-right:0px;--awb-border-radius-bottom-right:0px;--awb-border-radius-bottom-left:0px;--awb-padding-top:130px;--awb-padding-bottom:130px;--awb-flex-wrap:wrap;\" ><div class=\"fusion-builder-row fusion-row fusion-flex-align-items-flex-start fusion-flex-content-wrap\" style=\"max-width:1216.8px;margin-left: calc(-4% \/ 2 );margin-right: calc(-4% \/ 2 );\"><div class=\"fusion-layout-column fusion_builder_column fusion-builder-column-1 fusion_builder_column_2_3 2_3 fusion-flex-column\" style=\"--awb-bg-size:cover;--awb-width-large:66.666666666667%;--awb-margin-top-large:0px;--awb-spacing-right-large:3.84%;--awb-margin-bottom-large:20px;--awb-spacing-left-large:2.88%;--awb-width-medium:100%;--awb-spacing-right-medium:1.92%;--awb-spacing-left-medium:1.92%;--awb-width-small:100%;--awb-spacing-right-small:1.92%;--awb-spacing-left-small:1.92%;\"><div class=\"fusion-column-wrapper fusion-flex-justify-content-flex-start fusion-content-layout-column\"><div class=\"fusion-title title fusion-title-2 fusion-sep-none fusion-title-text fusion-title-size-two\" style=\"--awb-margin-bottom:50px;--awb-margin-top-small:0px;--awb-margin-right-small:0px;--awb-margin-bottom-small:20px;--awb-margin-left-small:0px;\"><h2 class=\"fusion-title-heading title-heading-left fusion-responsive-typography-calculated\" style=\"margin:0;text-transform:capitalize;--fontSize:48;line-height:var(--awb-typography1-line-height);\"><strong>\u0130\u015f Alanlar\u0131n\u0131z\u0131 Verimlilikle Bulu\u015fturun: End\u00fcstriyel Mobilya \u00c7\u00f6z\u00fcmleri<\/strong><\/h2><\/div><div class=\"fusion-separator\" style=\"align-self: flex-start;margin-right:auto;margin-top:0px;margin-bottom:40px;width:100%;max-width:170px;\"><div class=\"fusion-separator-border sep-single sep-solid\" style=\"--awb-height:20px;--awb-amount:20px;--awb-sep-color:var(--awb-color3);border-color:var(--awb-color3);border-top-width:3px;\"><\/div><\/div><div class=\"fusion-text fusion-text-2\" style=\"--awb-font-size:var(--awb-typography2-font-size);--awb-line-height:var(--awb-typography2-line-height);--awb-letter-spacing:var(--awb-typography2-letter-spacing);--awb-text-transform:var(--awb-typography2-text-transform);--awb-text-font-family:var(--awb-typography2-font-family);--awb-text-font-weight:var(--awb-typography2-font-weight);--awb-text-font-style:var(--awb-typography2-font-style);\"><p>End\u00fcstriyel fabrika ve ticari alanlar\u0131n\u0131z i\u00e7in \u00f6zelle\u015ftirilmi\u015f mobilya \u00e7\u00f6z\u00fcmleriyle i\u015fletmenizin potansiyelini en \u00fcst d\u00fczeye \u00e7\u0131kar\u0131n. Profesyonel tasar\u0131m, \u00fcretim ve kurulum hizmetleriyle size \u00f6zel mobilya \u00e7\u00f6z\u00fcmleri sunuyoruz.<\/p>\n<\/div><div class=\"fusion-text fusion-text-3\"><p><strong>\u0130\u015fletmelerinize \u00d6zel Mobilya \u00c7\u00f6z\u00fcmleri<\/strong><\/p>\n<p>End\u00fcstriyel mobilya \u00e7\u00f6z\u00fcmleri, her i\u015fletmenin ihtiya\u00e7lar\u0131na ve taleplerine g\u00f6re \u00f6zelle\u015ftirilebilir. B\u00fcy\u00fck \u00f6l\u00e7ekli \u00fcretim tesislerinden depolama alanlar\u0131na, ofislerden ticari ma\u011fazalara kadar geni\u015f bir yelpazede kullan\u0131labilirler. \u0130\u015fletmenizin gereksinimlerini kar\u015f\u0131lamak \u00fczere \u00f6zel olarak tasarlanm\u0131\u015f end\u00fcstriyel mobilya \u00e7\u00f6z\u00fcmleri, verimlili\u011fi art\u0131r\u0131rken i\u015fletmenizin estetik g\u00f6r\u00fcn\u00fcm\u00fcn\u00fc de g\u00fc\u00e7lendirir.<\/p>\n<p><strong>Dayan\u0131kl\u0131l\u0131k ve Fonksiyonellik<\/strong><\/p>\n<p>End\u00fcstriyel fabrika ve ticari alanlar i\u00e7in mobilya, dayan\u0131kl\u0131l\u0131k ve fonksiyonellik a\u00e7\u0131s\u0131ndan \u00f6ne \u00e7\u0131kar. \u0130\u015fletmenizin yo\u011fun \u00e7al\u0131\u015fma ko\u015fullar\u0131na dayanacak \u015fekilde tasarlanan mobilyalar, uzun \u00f6m\u00fcrl\u00fcd\u00fcr ve d\u00fczenli kullan\u0131ma dayan\u0131kl\u0131d\u0131r. Ayr\u0131ca, i\u015fletmenizin ihtiya\u00e7lar\u0131na uygun depolama, organizasyon ve \u00e7al\u0131\u015fma alanlar\u0131 sa\u011flamak i\u00e7in fonksiyonel \u00f6zelliklere sahiptir.<\/p>\n<p><strong>Profesyonel Tasar\u0131m ve Uygulama<\/strong><\/p>\n<p>End\u00fcstriyel mobilya \u00e7\u00f6z\u00fcmleri, profesyonel tasar\u0131m ve uygulama s\u00fcre\u00e7lerinden ge\u00e7er. Alan\u0131n\u0131z\u0131n \u00f6zelliklerine uygun olarak tasarlanan mobilyalar, i\u015fletmenizin i\u015f ak\u0131\u015f\u0131n\u0131 destekler ve verimlili\u011fi art\u0131r\u0131r. Ayr\u0131ca, profesyonel montaj ve kurulum hizmetleriyle, mobilyalar\u0131n g\u00fcvenli ve do\u011fru bir \u015fekilde yerle\u015ftirilmesi sa\u011flan\u0131r.<\/p>\n<\/div><\/div><\/div><div class=\"fusion-layout-column fusion_builder_column fusion-builder-column-2 fusion_builder_column_1_3 1_3 fusion-flex-column\" style=\"--awb-bg-size:cover;--awb-width-large:33.333333333333%;--awb-margin-top-large:0px;--awb-spacing-right-large:5.76%;--awb-margin-bottom-large:20px;--awb-spacing-left-large:3.84%;--awb-width-medium:100%;--awb-spacing-right-medium:1.92%;--awb-spacing-left-medium:1.92%;--awb-width-small:100%;--awb-spacing-right-small:1.92%;--awb-spacing-left-small:1.92%;\"><div class=\"fusion-column-wrapper fusion-flex-justify-content-flex-start fusion-content-layout-column\"><div class=\"fusion-image-element \" style=\"--awb-caption-title-font-family:var(--h2_typography-font-family);--awb-caption-title-font-weight:var(--h2_typography-font-weight);--awb-caption-title-font-style:var(--h2_typography-font-style);--awb-caption-title-size:var(--h2_typography-font-size);--awb-caption-title-transform:var(--h2_typography-text-transform);--awb-caption-title-line-height:var(--h2_typography-line-height);--awb-caption-title-letter-spacing:var(--h2_typography-letter-spacing);\"><span class=\" fusion-imageframe imageframe-none imageframe-1 hover-type-zoomin fusion-animated\" data-animationType=\"fadeInDown\" data-animationDuration=\"1\" data-animationOffset=\"top-into-view\"><a href=\"https:\/\/douyapi.com\/wp-content\/uploads\/2015\/06\/architecture_1.jpg\" class=\"fusion-lightbox\" data-rel=\"iLightbox[b211812e0f18d7ec981]\" data-title=\"architecture_1\" title=\"architecture_1\"><img decoding=\"async\" width=\"750\" height=\"1097\" src=\"data:image\/svg+xml,%3Csvg%20xmlns%3D%27http%3A%2F%2Fwww.w3.org%2F2000%2Fsvg%27%20width%3D%27750%27%20height%3D%271097%27%20viewBox%3D%270%200%20750%201097%27%3E%3Crect%20width%3D%27750%27%20height%3D%271097%27%20fill-opacity%3D%220%22%2F%3E%3C%2Fsvg%3E\" data-orig-src=\"https:\/\/douyapi.com\/wp-content\/uploads\/2015\/06\/architecture_1.jpg\" alt class=\"lazyload img-responsive wp-image-572\"\/><\/a><\/span><\/div><\/div><\/div><\/div><\/div><\/p>\n","protected":false},"excerpt":{"rendered":"","protected":false},"author":1,"featured_media":0,"parent":0,"menu_order":0,"comment_status":"closed","ping_status":"closed","template":"100-width.php","meta":{"footnotes":""},"class_list":["post-643","page","type-page","status-publish","hentry"],"_links":{"self":[{"href":"https:\/\/douyapi.com\/index.php\/wp-json\/wp\/v2\/pages\/643","targetHints":{"allow":["GET"]}}],"collection":[{"href":"https:\/\/douyapi.com\/index.php\/wp-json\/wp\/v2\/pages"}],"about":[{"href":"https:\/\/douyapi.com\/index.php\/wp-json\/wp\/v2\/types\/page"}],"author":[{"embeddable":true,"href":"https:\/\/douyapi.com\/index.php\/wp-json\/wp\/v2\/users\/1"}],"replies":[{"embeddable":true,"href":"https:\/\/douyapi.com\/index.php\/wp-json\/wp\/v2\/comments?post=643"}],"version-history":[{"count":4,"href":"https:\/\/douyapi.com\/index.php\/wp-json\/wp\/v2\/pages\/643\/revisions"}],"predecessor-version":[{"id":1041,"href":"https:\/\/douyapi.com\/index.php\/wp-json\/wp\/v2\/pages\/643\/revisions\/1041"}],"wp:attachment":[{"href":"https:\/\/douyapi.com\/index.php\/wp-json\/wp\/v2\/media?parent=643"}],"curies":[{"name":"wp","href":"https:\/\/api.w.org\/{rel}","templated":true}]}}